f w?
2, 179
Let u = 95 + -80. Let z(l) = l**2 - 17*l + 28. Let w be z(u). List the prime factors of -2*(-185)/70 - w/(-7).
5
Let k = -117 - -120. What are the prime factors of ((-11910)/45)/((-2)/k)?
397
Let p = -126 - -126. Suppose p = 14*r - 4309 - 2243. What are the prime factors of r?
2, 3, 13
Suppose -15*z + 12*z = -132. What are the prime factors of -4*(-1617)/z + (1 - 1)?
3, 7
Let v be 1926*(-8)/(10 + 6). Let j = 3016 + v. What are the prime factors of j?
2053
What are the prime factors of (14*15/(-420))/((-1)/13518)?
3, 751
Suppose 4*w + 3*b = 72676, 2*w - b - 2593 - 33755 = 0. List the prime factors of w.
2, 7, 11, 59
List the prime factors of (112/(-4) - -1)*18856/(-12).
2, 3, 2357
Let l be 2/(-3) - (0 - (-1488)/(-18)). Suppose -l*n + 2838 = -76*n. What are the prime factors of n?
11, 43
Let n(a) be the first derivative of -5*a**4/12 - 13*a**3/3 + 3*a**2/2 + 6. Let c(u) be the second derivative of n(u). List the prime factors of c(-8).
2, 3
Let r = 17 - -40. Let i(z) = -3*z - r + 2*z**2 - 36 + 77. List the prime factors of i(-3).
11
Suppose w - 3*b - 2*b = -13, -2*w + 30 = 4*b. List the prime factors of w.
7
Suppose 3*m + 2*g - 41702 = 0, -36*g + 37*g = -2*m + 27801. What are the prime factors of m?
2, 5, 139
Suppose 5*q = 4*f + 41, 2*f + 22 = q + q. Let u(x) = 2*x + 28. Let a be u(f). Suppose h - 152 = 3*s, 4*h - 2*s + 318 - 956 = a. What are the prime factors of h?
7, 23
Suppose -6*f + 4*m = -9*f + 27127, -5*f - m + 45240 = 0. List the prime factors of f.
9049
Let q be (-9)/5*(19 + -34). Suppose q*n - 2424 = 19*n. What are the prime factors of n?
3, 101
Let v = -102 + 4343. List the prime factors of v.
4241
Let h be 0/(0 - -4 - 1). Suppose 6*v = 3*v + 12. Suppose h = -v*f - 0*f + 296. List the prime factors of f.
2, 37
Suppose -55*s + 53*s + 48 = 0. Suppose -s*d + 1715 = -1741. List the prime factors of d.
2, 3
Let b(q) = -328*q - 3642. What are the prime factors of b(-143)?
2, 97, 223
Let j(d) = 4*d**3 + 46*d**2 + 19*d - 12. Let r(z) = -2*z**3 - 23*z**2 - 9*z + 6. Let u(o) = 3*j(o) + 5*r(o). List the prime factors of u(-9).
3, 97
Let f(m) = -83*m - 128. Let u be f(-20). Suppose u + 252 = 8*y. List the prime factors of y.
223
Suppose 0 = 4*r + r - 2*u - 3369, 2698 = 4*r - 3*u. Let q = r - 310. Suppose v + 2*n + 3*n - 219 = 0, 2*v = 5*n + q. List the prime factors of v.
2, 97
Let s(g) = 14*g - 65 - 29*g - 3*g. What are the prime factors of s(-16)?
223
Let x(h) = 101*h + 54. Let g be x(-7). Let t = -336 - g. List the prime factors of t.
317
Let r(p) = 934*p + 285. List the prime factors of r(2).
2153
Suppose -5*d + h - 9 = 0, 0*d - 8 = 5*d - 2*h. Let q = -287 - -358. What are the prime factors of (q + -5)*d/(-3)?
2, 11
Let a be 142302/21 - 28/98. Suppose -60*m = -67*m + a. What are the prime factors of m?
2, 11
Let o(q) = 6*q**3 - 2*q**2 - 4*q - 10. Let h be o(-5). Let u = -96 - h. What are the prime factors of u?
2, 347
Let u(o) = -101*o + 3633. What are the prime factors of u(26)?
19, 53
Let v(u) = 35*u**2 + 2*u - 2. Let x = -52 - -53. Suppose 1 + x = 2*t. What are the prime factors of v(t)?
5, 7
Suppose -2*k + 5*n = -13 + 10, 4*n = 5*k - 50. Suppose k*a - 5112 = 11*a. List the prime factors of a.
2, 3, 71
Suppose -24*y + 86 = -10. Suppose y*w = p - 734, -4*p + 2988 = -3*w - 0*w. List the prime factors of p.
2, 3, 5
Suppose a = -4*w - 1403, -w - 210 = 3*a + 138. Let b = 222 - w. What are the prime factors of b?
3, 191
Let t(f) = -2*f**2 + 75*f - 44. Let d(x) = -32*x - 92. Let j be d(-4). What are the prime factors of t(j)?
2
Suppose -3*z + 2700 = 3*i, -4*z = -4*i - 5*z + 3591. Suppose q + k = -k + 446, -2*q = -k - i. What are the prime factors of q?
2, 7
Let z(w) = -822*w - 1758. List the prime factors of z(-7).
2, 3, 37
Suppose -960757 = 82*p - 101*p + 572163. What are the prime factors of p?
2, 5, 2017
Suppose 38*v - 24 = 32*v. Suppose -2*x - v*x = -7608. List the prime factors of x.
2, 317
Suppose 3*w + 5*d = 6, -2*w - 3*d = -9 + 5. Let m be ((-18)/(-27))/(w/(-6)). What are the prime factors of (93/m)/((-6)/16)?
2, 31
Let l(d) be the first derivative of d**3 + d**2 + 6*d - 53. List the prime factors of l(-16).
2, 7, 53
Suppose 267*b - 4239712 = -1049351 + 4143328. What are the prime factors of b?
11, 227
Suppose -a + 3*j - 7*j + 54 = 0, -5*a + j = -165. What are the prime factors of a*((-21)/6 + 4 + 0)?
17
Let f = -259 - -453. Let p = f - -153. What are the prime factors of p?
347
Suppose -4*r - 2 = -2*q, 0*r + r + 3*q = 10. Let i be 20/r + 0/(-1). Suppose 0 = i*g - 13*g - 1085. List the prime factors of g.
5, 31
Let r = 231 - 232. Let v(x) = -84*x**3 - x**2 - 2*x - 2. List the prime factors of v(r).
83
Suppose 10*m - 8470 - 19790 = 0. List the prime factors of m.
2, 3, 157
Let f(t) = 42*t**2 - t + 4. Suppose 0 = r - 9 + 11. Let v be f(r). Suppose 2*j - v = 106. What are the prime factors of j?
2, 5, 7
Suppose 5*h - 4*g + g = 26, -2*h = 3*g - 23. Suppose -407 - h = -9*l. What are the prime factors of (l/(-8))/((-13)/312)?
2, 3, 23
Let w = -67 - -140. Suppose p + 5*y = -0*p + w, -4*y + 152 = 2*p. Suppose h = -h + p. What are the prime factors of h?
3, 13
Let t(y) = -y**3 - 11*y**2 - 8*y + 24. Let s be t(-10). Suppose -s*w + 2445 = w. Suppose 0 = -4*m + 5*p + w, -m = -2*p - 97 - 26. List the prime factors of m.
11
Let d(c) = 39*c - 270. Let t be d(-10). Let l = t - -1211. What are the prime factors of l?
19, 29
Let c = 332 - 501. Let b = 417 + c. What are the prime factors of b?
2, 31
Let z = -1153 + 3282. Suppose 31*m - s + z = 33*m, 1067 = m + 3*s. List the prime factors of m.
2, 7, 19
Let z = 104 - 186. Let w = z - -52. What are the prime factors of 3/w*-5*374?
11, 17
Let q = -24242 + 50791. List the prime factors of q.
139, 191
Let h(p) be the first derivative of -22*p**2 - 179*p - 92. What are the prime factors of h(-16)?
3, 5, 7
Suppose -3*a + b + 81514 = 0, 36194 = 5*a + 3*b - 99686. What are the prime factors of a?
29, 937
Suppose -88630 = -20*c + 44670. List the prime factors of c.
5, 31, 43
Suppose 5*y = -g + 30, -3 - 33 = -3*g + 3*y. Suppose 9*c + g*c - 936 = 0. What are the prime factors of c?
3, 13
Let n be (-14)/(-56) - (-38)/8. Suppose n = 4*h - 3. Suppose 0 = h*d - 111 - 83. What are the prime factors of d?
97
List the prime factors of ((-102680)/100)/(0 + (-4)/80).
2, 17, 151
Suppose 5*f = -1 - 4. Let m be -1 + 4 + f - 9. Let v(x) = 6*x**2 + 5*x - 6. What are the prime factors of v(m)?
11, 23
Let m(c) = -16*c + 4. Let u be m(-4). Let o = -343 + 589. Let h = o - u. What are the prime factors of h?
2, 89
Suppose -i = a + 3*i - 744, 5*i = -5. Suppose 5*q + 317 = -a. Let x = -120 - q. What are the prime factors of x?
3, 31
Let i(r) be the third derivative of -r**6/120 - r**5/15 + r**4/3 + 7*r**3/2 - 154*r**2. What are the prime factors of i(-9)?
2, 3, 59
Let a be (3/(-2))/(144/(-384)). Suppose 4*o - a*b = 3684, o - 13*b + 9*b - 915 = 0. List the prime factors of o.
13, 71
Let f(g) = 104*g**2 - 2*g - 4. Let c = -25 - -22. Let k be f(c). What are the prime factors of (-120)/54 + 2 - k/(-9)?
2, 13
Let j = 323 + -320. Suppose 2*o - 952 = 2*z, -2*z - 2374 = -8*o + j*o. List the prime factors of o.
2, 3, 79
Let o = -732 - -1039. Suppose 10*i - 183 - o = 0. List the prime factors of i.
7
List the prime factors of ((705/(-20))/((-21)/196))/(3/24).
2, 7, 47
Let k = -52 + 55. Suppose k*y - 8 = 5*y. List the prime factors of (y/2)/((-66)/65 - -1).
2, 5, 13
What are the prime factors of ((-8341480)/(-180) - -9) + 12/27?
46351
Let y(v) = -7*v + 19. Let j(z) = 8. Let r(i) = 2*j(i) + y(i). Let p = 26 - 37. List the prime factors of r(p).
2, 7
Let a(v) = -17*v - 124. Let c be a(-7). List the prime factors of (-4)/(-130)*c - 22676/(-26).
2, 109
Let a(k) be the first derivative of 2*k**3/3 - 3*k**2/2 - k - 3. Let n be a(3). What are the prime factors of 13/(-52) + 266/n?
3, 11
Let c = -186 + 196. Suppose -1694 = -c*y + 1266. List the prime factors of y.
2, 37
Suppose -3*h - i = -28, h + 3*h = 2*i + 24. Suppose -h*b - 825 + 3305 = 0. Suppose b + 575 = 5*j. What are the prime factors of j?
3, 59
List the prime factors of (1129696/(-96))/(1/(-3)).
43, 821
Suppose 0 = 7*p + 881 - 20467. What are the prime factors of p?
2, 1399
Let a = 536 - 528. Suppose 885 + 2387 = a*w. What are the prime factors of w?
409
What are the prime factors 